mmon factor of 13 and h.
13
Suppose 3*x = -10*x + 2041. Let u = x + -64. Suppose -3*s - 8 = -7*s + 4*m, -7 = -4*s + 5*m. Calculate the greatest common divisor of s and u.
3
Suppose -f = -4*f + 420. Let q = -106 + f. Let s(a) = -52*a**3 + a. Let d be s(-1). What is the greatest common divisor of d and q?
17
Let s(o) = 3*o**2 + 43*o + 16. Let t be s(-19). What is the greatest common divisor of t and 138?
6
Suppose -875*w + 910*w - 181930 = 0. What is the highest common factor of w and 46?
46
Let y = 27811 + -27709. What is the highest common divisor of 264 and y?
6
Suppose 0 = -3*c + 2*c - 85. Let h be c/(-15) + -4 + (-2)/(-6). Suppose 13 = 5*w + h*u, -3*u = 2 + 1. Calculate the highest common factor of w and 21.
3
Let w be -30*(24 + 1 + 9/(-6)). Let n = 1097 + w. Suppose 0*j = -7*j + n. Calculate the highest common factor of j and 8.
8
Suppose -1042 = -4*w - 2845*s + 2850*s, -3*w = -2*s - 771. Calculate the greatest common divisor of 10373 and w.
253
Let k = 6692 + -6672. Suppose 0 = -3*h + 4*h - 820. What is the highest common divisor of k and h?
20
Let s = 349 - 347. Let p(v) = 60*v - 113. Let y be p(s). What is the greatest common divisor of y and 7?
7
Let m(b) = 58*b + 1234. Let t be m(-20). Calculate the highest common factor of 814 and t.
74
Let w = -16 - -14. Let u be 1*(w + 8 + 3). Let d be (-2)/(-13) + 1672/286. Calculate the highest common factor of u and d.
3
Suppose 0 = -18*o + 10*o + 56. Suppose -3*w + 8 + o = 0. Suppose 5*c - 45 = 5*g, 3*c + w*g = 2*g + 33. Calculate the greatest common factor of 70 and c.
10
Suppose 0 = 4*r - 16, 11*r - 362 = -9*g + 15*r. Calculate the highest common factor of g and 2247.
21
Suppose -3*b - 731 = -6*b + o, -4*o = 4*b - 948. Suppose -241*h = -b*h + 22. What is the greatest common divisor of h and 2?
2
Let n = 190 + -187. Suppose a = -4*h - 2*a + 961, 943 = 4*h - n*a. Calculate the highest common factor of h and 14.
14
Let w = -5279 + 5501. Calculate the greatest common divisor of w and 13431.
111
Let f be -3 - (-339)/6*(19 - 13). Calculate the greatest common factor of f and 624.
48
Suppose -7 + 3 = -b, o + 2*b = 251. Let r be 41/246 - (-1139)/6. Let p = 217 - r. Calculate the greatest common divisor of p and o.
27
Let f = -5289 - -5291. Calculate the highest common divisor of 2396 and f.
2
Let w be (-3)/2*(1 + -3). Suppose 240 = 4*r - 0*r - 5*h, -w*r = 4*h - 180. Let s = 9402 - 9390. What is the highest common divisor of s and r?
12
Let y = 268 - 264. Suppose y*l + 1652 = 8*l. What is the greatest common divisor of l and 59?
59
Let c = 211006 - 210977. Suppose q - 3658 = -0*q. Let i be q/18 + (-2)/9. Calculate the greatest common divisor of c and i.
29
Suppose k = 4, -3*m - 3*k = -8971 - 5396. Calculate the highest common divisor of 87 and m.
87
Let v be 252/4 - (6 - 0). What is the greatest common divisor of 741 and v?
57
Suppose 286 + 174 = 5*s. Suppose w - s = -86. Calculate the highest common divisor of w and 48.
6
Let o = 5 + 2. Suppose -5*s + 10 = 0, 10*s = y + 5*s - 6. Suppose y*b + 70 - 294 = 0. What is the greatest common factor of b and o?
7
Let b(y) = -y**2 - 30*y + 94. Let v be b(-31). Suppose -6*z + z = -420. What is the greatest common divisor of z and v?
21
Let r(p) = -p**3 - 17*p**2 - 109*p - 9. Let w be r(-11). What is the highest common factor of 32 and w?
16
Suppose -5*o - 4*d = -510, 5*d = -90*o + 85*o + 505. Let b(v) = -342*v + 5. Let u be b(-2). What is the highest common factor of o and u?
53
Let o(b) = 6*b**2 - 62*b + 430. Let x be o(7). Calculate the highest common factor of x and 50.
10
Suppose 0 = 2*m + 5*k - 1651, -m + 3*k = -1127 + 296. Let c be 4/18 + (-9537)/(-459). Suppose m = -c*f + 27*f. Calculate the greatest common factor of f and 46.
46
Let g = 8870 - 8387. What is the highest common factor of g and 91?
7
Suppose -8 = -11*f + 9*f. Suppose f = -10*i - 26. Let d be i + 0/3 + 19. Calculate the greatest common factor of d and 112.
16
Let c = 140 + -128. Suppose -c*w = -153 + 45. What is the highest common divisor of 39 and w?
3
Suppose -56*q + 53*q + 4*u = -37564, -4*q - 5*u + 50137 = 0. What is the highest common factor of 54 and q?
54
Suppose 952 = -g + 36*g + 21*g. Let x be (2/4)/((-2)/(-68)). Calculate the highest common factor of x and g.
17
Let h(y) be the first derivative of y**3 + 11*y**2/2 + 4*y - 60. Suppose 5*b + 11 = -24. Let n be h(b). Calculate the greatest common factor of n and 37.
37
Suppose -2*k = 5*x + 123, -4*k = 5*x + 67 + 64. Let d = 67 + x. Calculate the greatest common divisor of d and 110.
22
Suppose -334 + 82 = -4*r. Suppose w + 2 + 1 = 0, -r = -3*i - 3*w. Let g(b) = 44*b - 832. Let y be g(20). Calculate the highest common factor of i and y.
24
Suppose u = 4*x + 32, -6*u - x - 53 = -10*u. Let q = 14 + -13. Suppose 3*l - q = 11. Calculate the greatest common factor of u and l.
4
Suppose 3*w - 6*f + 4*f + 45 = 0, 0 = -3*w - 5*f - 66. Let v be (0 - -38)/2 + w + 13. Calculate the greatest common factor of v and 15.
15
Let s be (45/30)/(9/2532 + 0) + 5. Calculate the highest common factor of s and 61.
61
Let w(m) = 20*m + 41. Let j be w(-2). Let a(p) = 3*p**2 - 2. Let d be a(3). Calculate the greatest common factor of j and d.
1
Let m be -1 - (-11457546)/628*(8/6)/2. Calculate the greatest common divisor of 6 and m.
6
Suppose 8*c = -4*p + 188, 260 = p - 2*c + 249. Suppose 5*v = w + 729, 2*v - 3*w = 4*v - 278. Calculate the highest common divisor of p and v.
29
Let h = 32 + -23. Let m = h + -5. Let k be (2240/(-490))/(4/(-14)). Calculate the highest common divisor of m and k.
4
Suppose -2*b - 6*u + 2*u - 98 = 0, -5*b - 245 = -3*u. Let d = b + 77. Let y be 9 + (-1)/3*3. What is the highest common divisor of d and y?
4
Suppose 707 - 80 + 1221 = 42*c. Calculate the highest common factor of c and 38588.
44
Let y = 86 + -50. Let a(b) = 2*b**3 + 63*b**2 + 34*b + 129. Let h be a(-31). Calculate the highest common divisor of h and y.
36
Suppose -558 = -3*x + 81. Suppose 312 = 25*u - x. Calculate the greatest common divisor of 147 and u.
21
Let z(o) = o**2 + 3. Let i be z(1). Let g be (-2)/(1*i/(-8)). Let q be 38 + (-1 - (2 + -1)). What is the greatest common factor of g and q?
4
Let x(l) = -92*l - 1554. Let r be x(-17). Let v(o) = o**3 + 5*o**2 - 8*o + 3. Let f be v(-6). What is the highest common divisor of f and r?
5
Let c(l) = -7*l**2 + 4*l - 4. Let j be c(1). Let p(o) = o**2 - 4*o - 35. Let a be p(j). Suppose -2*g - g = -a. What is the greatest common divisor of g and 98?
14
Suppose -5*x + 45 = 3*u, 18*x - 14*x + 4*u - 44 = 0. What is the greatest common factor of x and 1314?
6
Let x be 4/(-6)*(-624)/32. Let q = -32 - -35. Suppose r - 53 = -4*m, 4*m = 3*m - q*r + 16. What is the highest common factor of x and m?
13
Suppose -4*g - q = -210, 4*g = 5*q - 97 + 295. Suppose -16 = -2*h - 2*b, 60 = 5*h - 144*b + 145*b. Calculate the highest common divisor of g and h.
13
Let b be (-2)/((-27)/13 + 2). Suppose r - b = -0*r. Let q = 62200 + -62096. Calculate the greatest common divisor of r and q.
26
Suppose -49 + 133 = 7*x. Calculate the greatest common divisor of 48 and x.
12
Suppose -n - 5*o = -104, -38*n + 36*n + 208 = 4*o. Calculate the highest common factor of 65 and n.
13
Let a = 21825 - 21821. Calculate the greatest common factor of 2286 and a.
2
Suppose 7917 - 441 = 24*l - 4788. What is the greatest common factor of 56 and l?
7
Let i = -12451 + 12467. Calculate the highest common divisor of i and 76.
4
Let q = -238 - -422. Let s be 2 + -7 - (-481)/37. What is the highest common factor of s and q?
8
Let u be ((-165)/(-10))/(6/8). Let d = 1901 + -1835. What is the highest common divisor of u and d?
22
Let s be (92/(-8) - -13)/((-6)/(-8)). Suppose 5*z = 3*t - 1530, -t - 510 = -s*t + z. Calculate the highest common divisor of t and 30.
30
Suppose 0 = 384*g - 392*g - 1032. Let n = 183 + g. Suppose -5*q + 87 = 4*y - 108, 3*q = 9. What is the highest common factor of n and y?
9
Let r be (4 - 22)*((-5)/(-2))/(-5). Suppose -9548 = -13*l - r*l. What is the greatest common factor of 62 and l?
62
Suppose 105*h + 5104 = 16024. Calculate the greatest common factor of h and 1274.
26
Let w = -3683 + 3809. What is the highest common factor of 2716 and w?
14
Let b be 6/((-1380)/(-1134) - 16/14). What is the highest common divisor of b and 1746?
9
Let b(h) = -228*h